{"id":3,"date":"2022-08-15T05:52:36","date_gmt":"2022-08-15T05:52:36","guid":{"rendered":"http:\/\/www.ozbakim.de\/german\/?page_id=3"},"modified":"2022-09-09T15:26:52","modified_gmt":"2022-09-09T15:26:52","slug":"datenschutzinformation","status":"publish","type":"page","link":"http:\/\/www.ozbakim.de\/german\/datenschutzinformation\/","title":{"rendered":"Datenschutzinformation"},"content":{"rendered":"\n<p><\/p>\n\n\n\n<p><strong>f\u00fcr Kunden, Familienangeh\u00f6rige, Interessenten<\/strong><\/p>\n\n\n\n<p><strong>Information zum Datenschutz \u00fcber unsere Datenverarbeitung nach Artikel (Art.) 13, 14 und 21 der Datenschutz-Grundverordnung (DSGVO)<\/strong><\/p>\n\n\n\n<p>Wir nehmen den Datenschutz ernst und informieren Sie hiermit, wie wir Ihre Daten verarbeiten und welche Anspr\u00fcche und Rechte Ihnen nach den datenschutzrechtlichen Regelungen zustehen. G\u00fcltig ab 15. September 2021.<\/p>\n\n\n\n<p><strong>1. F\u00fcr die Datenverarbeitung verantwortliche Stelle und Kontaktdaten<\/strong><\/p>\n\n\n\n<p><strong>verantwortliche Stelle im Sinne des Datenschutzrechts<\/strong><\/p>\n\n\n\n<p>Adres: Markgrafenstr. 1b 51063 K\u00f6ln M\u00fclheim<\/p>\n\n\n\n<p>(Bahn-Haltestelle Keupstr)<\/p>\n\n\n\n<p>info@ozbakim.de<\/p>\n\n\n\n<p><strong>Kontaktdaten unseres Datenschutzbeauftragten:<\/strong><\/p>\n\n\n\n<p>Datenschutzbeauftragter &nbsp;info@ozbakim.de<\/p>\n\n\n\n<p><strong>2. Zwecke und Rechtsgrundlage, auf der wir Ihre Daten verarbeiten<\/strong><\/p>\n\n\n\n<p>Wir verarbeiten personenbezogene Daten im Einklang mit den Bestimmungen der Datenschutz-Grundverordnung (DSGVO), dem Bundesdatenschutzgesetz (BDSG) sowie anderen anwendbaren Datenschutzvorschriften (Details im Folgenden). Welche Daten im Einzelnen verarbeitet und in welcher Weise genutzt werden, richtet sich ma\u00dfgeblich nach den jeweils beantragten bzw. vereinbarten Dienstleistungen. Weitere Einzelheiten oder Erg\u00e4nzungen zu den Zwecken der Datenverarbeitung k\u00f6nnen Sie den jeweiligen Vertragsunterlagen, Formularen, einer Einwilligungserkl\u00e4rung und\/oder anderen Ihnen bereitgestellten Informationen (z. B. im Rahmen der Nutzung unserer Webseite oder unseren Gesch\u00e4ftsbedingungen) entnehmen. Dar\u00fcber hinaus kann diese Datenschutzinformation von Zeit zu Zeit aktualisiert werden, wie Sie unserer Webseite www.topbetreuung.de entnehmen k\u00f6nnen.<\/p>\n\n\n\n<p><strong>2.1 Zwecke zur Erf\u00fcllung eines Vertrages oder von vorvertraglichen Ma\u00dfnahmen <\/strong><strong>\u2028<\/strong><strong>(Art. 6 Abs. 1 b DSGVO)<\/strong><\/p>\n\n\n\n<p>Die Verarbeitung personenbezogener Daten erfolgt zur Durchf\u00fchrung unserer Vertr\u00e4ge mit Ihnen und der Ausf\u00fchrung Ihrer Auftr\u00e4ge sowie zur Durchf\u00fchrung von Ma\u00dfnahmen und T\u00e4tigkeiten im Rahmen vorvertraglicher Beziehungen, z.B. mit Interessenten. Insbesondere dient die Verarbeitung damit der Erbringung von ambulanter Betreuungsdiensten entsprechend Ihren Auftr\u00e4gen und W\u00fcnschen und umfassen die hierf\u00fcr notwendigen Dienstleistungen, Ma\u00dfnahmen und T\u00e4tigkeiten. Dazu geh\u00f6ren im Wesentlichen die vertragsbezogene Kommunikation mit Ihnen, die entsprechende Abrechnung und damit verbundene Zahlungstransaktionen, die Nachweisbarkeit von Transaktionen, Auftr\u00e4gen und sonstigen Vereinbarungen sowie zur Qualit\u00e4tskontrolle durch entsprechende Dokumentation, Kulanzverfahren, Ma\u00dfnahmen zur Steuerung und Optimierung von Gesch\u00e4ftsprozessen sowie zur Erf\u00fcllung der allgemeinen Sorgfaltspflichten, Steuerung und Kontrolle durch verbundene Unternehmen (z. B. Muttergesellschaft); statistische Auswertungen zur Unternehmenssteuerung, Kostenerfassung und Controlling, Berichtswesen, interne und externe Kommunikation, Notfall-Management, Abrechnung (u.a. mit Pflege-\/Krankenkasse) und steuerliche Bewertung betrieblicher Leistungen, Risikomanagement, Geltendmachung, rechtlicher Anspr\u00fcche und Verteidigung bei rechtlichen Streitigkeiten; Gew\u00e4hrleistung der IT-Sicherheit (u. a. System- bzw. Plausibilit\u00e4tstests) und der allgemeinen Sicherheit, u. a. Geb\u00e4ude- und Anlagensicherheit, Sicherstellung und Wahrnehmung des Hausrechts (z.B. durch Zutrittskontrollen); Gew\u00e4hrleistung der Integrit\u00e4t, Authentizit\u00e4t und Verf\u00fcgbarkeit der Daten, Verhinderung und Aufkl\u00e4rung von Straftaten; Kontrolle durch Aufsichtsgremien oder Kontrollinstanzen (z. B. Revision).<\/p>\n\n\n\n<p><strong>2.2 Zwecke im Rahmen eines berechtigten Interesses von uns oder Dritten<\/strong><strong>\u2028<\/strong><strong>(Art. 6 Abs. 1 f DSGVO)<\/strong><\/p>\n\n\n\n<p>\u00dcber die eigentliche Erf\u00fcllung des Vertrages bzw. Vorvertrags hinaus verarbeiten wir Ihre Daten gegebenenfalls, wenn es erforderlich ist, um berechtigte Interessen von uns oder Dritten zu wahren, insbesondere f\u00fcr Zwecke:<\/p>\n\n\n\n<ul><li>\u2022&nbsp;&nbsp;&nbsp;&nbsp; der Werbung oder Markt- und Meinungsforschung, soweit Sie der Nutzung Ihrer Daten nicht widersprochen haben;<\/li><li>\u2022&nbsp;&nbsp;&nbsp;&nbsp; der Einholung von Ausk\u00fcnften sowie Datenaustausch mit Auskunfteien, soweit dies \u00fcber unser wirtschaftliches Risiko hinausgeht;<\/li><li>\u2022&nbsp;&nbsp;&nbsp;&nbsp; der Pr\u00fcfung und Optimierung von Verfahren zur Bedarfsanalyse;<\/li><li>\u2022&nbsp;&nbsp;&nbsp;&nbsp; der Weiterentwicklung von Dienstleistungen und Produkten sowie bestehenden Systemen und Prozessen;<\/li><li>\u2022&nbsp;&nbsp;&nbsp;&nbsp; der Offenlegung von personenbezogenen Daten im Rahmen einer Due Diligence bei Unternehmensverkaufsverhandlungen;<\/li><li>\u2022&nbsp;&nbsp;&nbsp;&nbsp; zum Abgleich mit europ\u00e4ischen und internationalen Antiterrorlisten, soweit \u00fcber die gesetzlichen Verpflichtungen hinausgehend;<\/li><li>\u2022&nbsp;&nbsp;&nbsp;&nbsp; der Anreicherung unserer Daten, u. a. durch Nutzung oder der Recherche \u00f6ffentlich zug\u00e4nglicher Daten;<\/li><li>\u2022&nbsp;&nbsp;&nbsp;&nbsp; statistischer Auswertungen oder der Marktanalyse;<\/li><li>\u2022&nbsp;&nbsp;&nbsp;&nbsp; des Benchmarkings;<\/li><li>\u2022&nbsp;&nbsp;&nbsp;&nbsp; der Geltendmachung rechtlicher Anspr\u00fcche und Verteidigung bei rechtlichen Streitigkeiten, die nicht unmittelbar dem Vertragsverh\u00e4ltnis zuzuordnen sind;<\/li><li>\u2022&nbsp;&nbsp;&nbsp;&nbsp; der eingeschr\u00e4nkten Speicherung der Daten, wenn eine L\u00f6schung wegen der besonderen Art der Speicherung nicht oder nur mit unverh\u00e4ltnism\u00e4\u00dfig hohem Aufwand m\u00f6glich ist;<\/li><li>\u2022&nbsp;&nbsp;&nbsp;&nbsp; der Entwicklung von Scoring-Systemen oder automatisierten Entscheidungsprozessen;<\/li><li>\u2022&nbsp;&nbsp;&nbsp;&nbsp; der Verhinderung und Aufkl\u00e4rung von Straftaten, soweit nicht ausschlie\u00dflich zur Erf\u00fcllung gesetzlicher Vorgaben;<\/li><li>\u2022&nbsp;&nbsp;&nbsp;&nbsp; der Geb\u00e4ude- und Anlagensicherheit (z. B. durch Zutrittskontrollen und Video\u00fcberwachung), soweit \u00fcber die allgemeinen Sorgfaltspflichten hinausgehend;<\/li><li>\u2022&nbsp;&nbsp;&nbsp;&nbsp; interner und externer Untersuchungen, Sicherheits\u00fcberpr\u00fcfungen;<\/li><li>\u2022&nbsp;&nbsp;&nbsp;&nbsp; des evtl. Mith\u00f6rens oder Aufzeichnens von Telefongespr\u00e4chen zur Qualit\u00e4tskontrolle und zu Schulungszwecken;<\/li><li>\u2022&nbsp;&nbsp;&nbsp;&nbsp; des Erhalts und der Aufrechterhaltung von Zertifizierungen privatrechtlicher oder beh\u00f6rdlicher Natur;<\/li><li>\u2022&nbsp;&nbsp;&nbsp;&nbsp; der Sicherstellung und Wahrnehmung des Hausrechts durch entsprechende Ma\u00dfnahmen wie auch durch Video\u00fcberwachungen zum Schutz unserer Kunden und Mitarbeiter sowie zur Sicherung von Beweismitteln bei Straftaten und deren Verhinderung sowie zum Nachweis von erbrachten Leistungen im Rahmen des Betreuungsangebotes.<\/li><\/ul>\n\n\n\n<p><strong>2.3 Zwecke im Rahmen Ihrer Einwilligung (Art. 6 Abs. 1 a DSGVO)<\/strong><\/p>\n\n\n\n<p>Eine Verarbeitung Ihrer personenbezogenen Daten f\u00fcr bestimmte Zwecke (z. B. Nutzung Ihrer E-Mail-Adresse f\u00fcr Marketingzwecke) kann auch aufgrund Ihrer Einwilligung erfolgen. In der Regel k\u00f6nnen Sie diese jederzeit widerrufen. Dies gilt auch f\u00fcr den Widerruf von Einwilligungserkl\u00e4rungen, die vor der Geltung der DSGVO, also vor dem 25. Mai 2018, uns gegen\u00fcber erteilt worden sind. \u00dcber die Zwecke und \u00fcber die Konsequenzen eines Widerrufs oder der Nichterteilung einer Einwilligung werden Sie gesondert im entsprechenden Text der Einwilligung informiert.<\/p>\n\n\n\n<p>Grunds\u00e4tzlich gilt, dass der Widerruf einer Einwilligung erst f\u00fcr die Zukunft wirkt. Verarbeitungen, die vor dem Widerruf erfolgt sind, sind davon nicht betroffen und bleiben rechtm\u00e4\u00dfig.<\/p>\n\n\n\n<p><strong>2.4 Zwecke zur Erf\u00fcllung gesetzlicher Vorgaben (Art. 6 Abs. 1 c DSGVO) oder im \u00f6ffentlichen Interesse (Art. 6 Abs. 1 e DSGVO)<\/strong><\/p>\n\n\n\n<p>Wie jeder, der sich am Wirtschaftsgeschehen beteiligt, unterliegen auch wir einer Vielzahl von rechtlichen Verpflichtungen. Prim\u00e4r sind dies gesetzliche Anforderungen (z. B. Handels- und Steuergesetze, Hygiene und Pflegeanforderungen), aber auch ggf. aufsichtsrechtliche oder andere beh\u00f6rdliche Vorgaben (z.B. Pflege-, Kranken-, Rentenkassen bzw.- -versicherung). Zu den Zwecken der Verarbeitung geh\u00f6ren ggf. die Identit\u00e4ts- und Alterspr\u00fcfung, Betrugs- und Geldw\u00e4schepr\u00e4vention, die Verhinderung, Bek\u00e4mpfung und Aufkl\u00e4rung der Terrorismusfinanzierung und verm\u00f6gensgef\u00e4hrdender Straftaten, Abgleiche mit europ\u00e4ischen und internationalen Antiterrorlisten, die Erf\u00fcllung steuerrechtlicher Kontroll- und Meldepflichten sowie die Archivierung von Daten zu Zwecken des Datenschutzes und der Datensicherheit sowie der Pr\u00fcfung durch Steuer- und andere Beh\u00f6rden. Dar\u00fcber hinaus kann die Offenlegung personenbezogener Daten im Rahmen von beh\u00f6rdlichen\/gerichtlichen Ma\u00dfnahmen zu Zwecken der Beweiserhebung, Strafverfolgung oder Durchsetzung zivilrechtlicher Anspr\u00fcche erforderlich werden.<\/p>\n\n\n\n<p><strong>3. Die von uns verarbeiteten Datenkategorien, soweit wir Daten nicht unmittelbar von Ihnen erhalten, und deren Herkunft<\/strong><\/p>\n\n\n\n<p>Soweit dies f\u00fcr die Erbringung unserer Dienstleistungen erforderlich ist, verarbeiten wir von anderen Unternehmen oder sonstigen Dritten (z. B. Auskunfteien, Adressverlage) zul\u00e4ssigerweise erhaltene personenbezogene Daten. Zudem verarbeiten wir personenbezogene Daten, die wir aus \u00f6ffentlich zug\u00e4nglichen Quellen (wie z.B. Telefonverzeichnisse, Handels- und Vereinsregister, Melderegister, Schuldnerverzeichnisse, Grundb\u00fccher, Presse, Internet und andere Medien) zul\u00e4ssigerweise entnommen, erhalten oder erworben haben und verarbeiten d\u00fcrfen.<\/p>\n\n\n\n<p>Relevante personenbezogene Datenkategorien k\u00f6nnen insbesondere sein:<\/p>\n\n\n\n<ul><li>\u2022&nbsp;&nbsp;&nbsp;&nbsp; Personendaten (Name, Geburtsdatum, Geburtsort, Staatsangeh\u00f6rigkeit, Familienstand, Beruf\/Branche und vergleichbare Daten)<\/li><li>\u2022&nbsp;&nbsp;&nbsp;&nbsp; Kontaktdaten (Adresse, E-Mail-Adresse, Telefonnummer und vergleichbare Daten)<\/li><li>\u2022&nbsp;&nbsp;&nbsp;&nbsp; Adressdaten (Meldedaten und vergleichbare Daten)<\/li><li>\u2022&nbsp;&nbsp;&nbsp;&nbsp; Zahlungs-\/Deckungsbest\u00e4tigung bei Bank- und Kreditkarten<\/li><li>\u2022&nbsp;&nbsp;&nbsp;&nbsp; Informationen \u00fcber Ihre finanzielle Situation (Bonit\u00e4tsdaten inklusive Scoring, also Daten zur Beurteilung des wirtschaftlichen Risikos)<\/li><li>\u2022&nbsp;&nbsp;&nbsp;&nbsp; Kundenhistorie<\/li><li>\u2022&nbsp;&nbsp;&nbsp;&nbsp; Daten \u00fcber Ihre Nutzung der von uns angebotenen Telemedien (z.B. Zeitpunkt des Aufrufs unserer Webseiten, Apps oder Newsletter, angeklickte Seiten\/Links von uns bzw. Eintr\u00e4ge und vergleichbare Daten)<\/li><li>\u2022&nbsp;&nbsp;&nbsp;&nbsp; Videodaten<\/li><\/ul>\n\n\n\n<p><strong>4. Empf\u00e4nger oder Kategorien von Empf\u00e4ngern Ihrer Daten<\/strong><\/p>\n\n\n\n<p>Innerhalb unseres Hauses erhalten diejenigen internen Stellen bzw. Organisationseinheiten Ihre Daten, die diese zur Erf\u00fcllung unserer vertraglichen und gesetzlichen Pflichten oder im Rahmen der Bearbeitung und Umsetzung unseres berechtigten Interesses ben\u00f6tigen. Eine Weitergabe Ihrer Daten an externe Stellen erfolgt <strong>ausschlie\u00dflich<\/strong><\/p>\n\n\n\n<ul><li>\u2022&nbsp;&nbsp;&nbsp;&nbsp; im Zusammenhang mit der Vertragsabwicklung;<\/li><li>\u2022&nbsp;&nbsp;&nbsp;&nbsp; zu Zwecken der Erf\u00fcllung gesetzlicher Vorgaben, nach denen wir zur Auskunft, Meldung oder Weitergabe von Daten verpflichtet sind oder die Datenweitergabe im \u00f6ffentlichen Interesse liegt (vgl. Ziffer 2.4);<\/li><li>\u2022&nbsp;&nbsp;&nbsp;&nbsp; soweit externe Dienstleistungsunternehmen Daten in unserem Auftrag als Auftragsverarbeiter oder Funktions\u00fcbernehmer verarbeiten (z. B. externe Rechenzentren, Unterst\u00fctzung\/Wartung von EDV-\/IT-Anwendungen, Archivierung, Belegbearbeitung, Call-Center-Services, Compliance-Services, Controlling, Datenscreening f\u00fcr Anti-Geldw\u00e4sche-Zwecke, Datenvalidierung bzw. -plausibilit\u00e4tspr\u00fcfung, Datenvernichtung, Einkauf\/Beschaffung, Kundenverwaltung, Lettershops, Marketing, Medientechnik, Research, Risikocontrolling, Abrechnung, Telefonie, Webseitenmanagement, Wirtschaftspr\u00fcfungsdienstleistung, Kreditinstitute, Druckereien oder Unternehmen f\u00fcr Datenentsorgung, Kurierdienste, Logistik);<\/li><li>\u2022&nbsp;&nbsp;&nbsp;&nbsp; aufgrund unseres berechtigten Interesses oder des berechtigten Interesses des Dritten f\u00fcr im Rahmen der unter Ziffer 2.2 genannten Zwecke (z. B. an Beh\u00f6rden, Auskunfteien, Inkasso, Rechtsanw\u00e4lte, Gerichte, Gutachter, konzernangeh\u00f6rige Unternehmen und Gremien und Kontrollinstanzen);<\/li><li>\u2022&nbsp;&nbsp;&nbsp;&nbsp; wenn Sie uns eine Einwilligung zur \u00dcbermittlung an Dritte gegeben haben.<\/li><\/ul>\n\n\n\n<p><strong>Wir werden Ihre Daten dar\u00fcber hinaus nicht an Dritte weitergeben. <\/strong>Soweit wir Dienstleister im Rahmen einer Auftragsverarbeitung beauftragen, unterliegen Ihre Daten dort den gleichen Sicherheitsstandards wie bei uns. In den \u00fcbrigen F\u00e4llen d\u00fcrfen die Empf\u00e4nger die Daten nur f\u00fcr die Zwecke nutzen, f\u00fcr die sie ihnen \u00fcbermittelt wurden.<\/p>\n\n\n\n<p><strong>5. Dauer der Speicherung Ihrer Daten<\/strong><\/p>\n\n\n\n<p>Wir verarbeiten und speichern Ihre Daten f\u00fcr die Dauer unserer Gesch\u00e4ftsbeziehung. Das schlie\u00dft auch die Anbahnung eines Vertrages (vorvertragliches Rechtsverh\u00e4ltnis) und die Abwicklung eines Vertrages mit ein.<\/p>\n\n\n\n<p>Dar\u00fcber hinaus unterliegen wir verschiedenen Aufbewahrungs- und Dokumentationspflichten, die sich u. a. aus dem Handelsgesetzbuch (HGB) und der Abgabenordnung (AO). ergeben. Die dort vorgegebenen Fristen zur Aufbewahrung bzw. Dokumentation betragen bis zehn Jahre \u00fcber das Ende der Gesch\u00e4ftsbeziehung bzw. des vorvertraglichen Rechtsverh\u00e4ltnisses hinaus.<\/p>\n\n\n\n<p>Ferner k\u00f6nnen spezielle gesetzliche Vorschriften eine l\u00e4ngere Aufbewahrungsdauer erfordern, wie z.B. die Erhaltung von Beweismitteln im Rahmen der gesetzlichen Verj\u00e4hrungsvorschriften. Nach den \u00a7\u00a7 195 ff. des B\u00fcrgerlichen Gesetzbuches (BGB) betr\u00e4gt die regelm\u00e4\u00dfige Verj\u00e4hrungsfrist zwar drei Jahre; es k\u00f6nnen aber auch Verj\u00e4hrungsfristen von bis zu 30 Jahren anwendbar sein. Sind die Daten f\u00fcr die Erf\u00fcllung vertraglicher oder gesetzlicher Pflichten und Rechte nicht mehr erforderlich, werden diese regelm\u00e4\u00dfig gel\u00f6scht, es sei denn, deren \u2013 befristete \u2013 Weiterverarbeitung ist zur Erf\u00fcllung der unter Ziffer 2.2 aufgef\u00fchrten Zwecke aus einem \u00fcberwiegenden berechtigten Interesse erforderlich. Ein solches \u00fcberwiegendes berechtigtes Interesse liegt z.B. auch dann vor, wenn eine L\u00f6schung wegen der besonderen Art der Speicherung nicht oder nur mit unverh\u00e4ltnism\u00e4\u00dfig hohem Aufwand m\u00f6glich ist und eine Verarbeitung zu anderen Zwecken durch geeignete technische und organisatorische Ma\u00dfnahmen ausgeschlossen ist.<\/p>\n\n\n\n<p><strong>6. Verarbeitung Ihrer Daten in einem Drittland oder durch eine internationale Organisation<\/strong><\/p>\n\n\n\n<p>Eine Daten\u00fcbermittlung an Stellen in Staaten au\u00dferhalb der Europ\u00e4ischen Union (EU) bzw. des Europ\u00e4ischen Wirtschaftsraums (EWR) (sogenannte Drittl\u00e4nder) erfolgt dann, wenn es zur Ausf\u00fchrung eines Auftrages\/Vertrags von bzw. mit Ihnen erforderlich sein sollte, es gesetzlich vorgeschrieben ist (z.B. steuerrechtliche Meldepflichten), es im Rahmen eines berechtigten Interesses von uns oder eines Dritten liegt oder Sie uns eine Einwilligung erteilt haben.<\/p>\n\n\n\n<p>Dabei kann die Verarbeitung Ihrer Daten in einem Drittland auch im Zusammenhang mit der Einschaltung von Dienstleistern im Rahmen der Auftragsverarbeitung erfolgen. Soweit f\u00fcr das betreffende Land kein Beschluss der EU-Kommission \u00fcber ein dort vorliegendes angemessenes Datenschutzniveau vorliegen sollte, gew\u00e4hrleisten wir nach den EU-Datenschutzvorgaben durch entsprechende Vertr\u00e4ge, dass ihre Rechte und Freiheiten angemessen gesch\u00fctzt und garantiert werden. Entsprechende Detailinformationen stellen wir Ihnen auf Anfrage zur Verf\u00fcgung.<\/p>\n\n\n\n<p>Informationen zu den geeigneten oder angemessenen Garantien und zu der M\u00f6glichkeit, eine Kopie von Ihnen zu erhalten, k\u00f6nnen auf Anfrage beim betrieblichen Datenschutzbeauftragten angefordert werden.<\/p>\n\n\n\n<p><strong>7. Ihre Datenschutzrechte<\/strong> <strong>Unter bestimmten Voraussetzungen k\u00f6nnen Sie uns gegen\u00fcber Ihre Datenschutzrechte geltend machen<\/strong><\/p>\n\n\n\n<ul><li>\u2022&nbsp;&nbsp;&nbsp;&nbsp; So haben Sie das Recht, von uns<strong> Auskunft <\/strong>\u00fcber Ihre bei uns gespeicherten Daten nach den Regeln von Art. 15 DSGVO (ggf. mit Einschr\u00e4nkungen nach \u00a7 34 BDSG) zu erhalten.<\/li><li>\u2022&nbsp;&nbsp;&nbsp;&nbsp; Auf Ihren Antrag hin werden wir die \u00fcber Sie gespeicherten Daten nach Art. 16 DSGVO <strong>berichtigen<\/strong>, wenn diese unzutreffend oder fehlerhaft sind.<\/li><li>\u2022&nbsp;&nbsp;&nbsp;&nbsp; Wenn Sie es w\u00fcnschen, werden wir Ihre Daten nach den Grunds\u00e4tzen von Art. 17 DSGVO <strong>l\u00f6schen<\/strong>, sofern andere gesetzliche Regelungen (z.B. gesetzliche Aufbewahrungspflichten oder die Einschr\u00e4nkungen nach \u00a7 35 BDSG) oder ein \u00fcberwiegendes Interesse unsererseits (z.&nbsp;B. zur Verteidigung unserer Rechte und Anspr\u00fcche) dem nicht entgegenstehen.<\/li><li>\u2022&nbsp;&nbsp;&nbsp;&nbsp; Unter Ber\u00fccksichtigung der Voraussetzungen des Art. 18 DSGVO k\u00f6nnen Sie von uns verlangen, <strong>die Verarbeitung Ihrer Daten einzuschr\u00e4nken<\/strong>.<\/li><li>\u2022&nbsp;&nbsp;&nbsp;&nbsp; <strong>Ferner k\u00f6nnen Sie gegen die Verarbeitung Ihrer Daten Widerspruch <\/strong>nach Art. 21 DSGVO einlegen, aufgrund dessen wir die Verarbeitung Ihrer Daten beenden m\u00fcssen. Dieses Widerspruchsrecht gilt allerdings nur bei Vorliegen ganz besonderer Umst\u00e4nde Ihrer pers\u00f6nlichen Situation, wobei Rechte unseres Hauses Ihrem Widerspruchsrecht ggf. entgegenstehen k\u00f6nnen.<\/li><li>\u2022&nbsp;&nbsp;&nbsp;&nbsp; Auch haben Sie das Recht, Ihre Daten unter den Voraussetzungen von Art. 20 DSGVO in einem strukturierten, g\u00e4ngigen und maschinenlesbaren&nbsp;<strong>Format zu erhalten<\/strong>&nbsp;oder sie einem&nbsp;<strong>Dritten zu \u00fcbermitteln<\/strong>.<\/li><li>\u2022&nbsp;&nbsp;&nbsp;&nbsp; Dar\u00fcber hinaus haben Sie das Recht, eine erteilte&nbsp;<strong>Einwilligung&nbsp;<\/strong>in die Verarbeitung personenbezogener Daten jederzeit uns gegen\u00fcber mit Wirkung f\u00fcr die Zukunft&nbsp;<strong>zu widerrufen <\/strong>(vgl. Ziffer 2.3).<\/li><li>\u2022&nbsp;&nbsp;&nbsp;&nbsp; Ferner steht Ihnen ein <strong>Beschwerderecht bei einer Datenschutzaufsichtsbeh\u00f6rde<\/strong> zu (Art. 77 DSGVO). <strong>Wir empfehlen allerdings, eine Beschwerde zun\u00e4chst immer an unseren Datenschutzbeauftragten zu richten.<\/strong><\/li><\/ul>\n\n\n\n<p><strong>Ihre Antr\u00e4ge \u00fcber die Aus\u00fcbung ihrer Rechte sollten nach M\u00f6glichkeit schriftlich an die oben angegebene Anschrift oder direkt an unseren Datenschutzbeauftragten adressiert werden.<\/strong><\/p>\n\n\n\n<p><strong>8. Umfang Ihrer Pflichten, uns Ihre Daten bereitzustellen<\/strong><\/p>\n\n\n\n<p>Sie brauchen nur diejenigen Daten bereitstellen, die f\u00fcr die Aufnahme und Durchf\u00fchrung einer Gesch\u00e4ftsbeziehung oder f\u00fcr ein vorvertragliches Verh\u00e4ltnis mit uns erforderlich sind oder zu deren Erhebung wir gesetzlich verpflichtet sind. Ohne diese Daten werden wir in der Regel nicht in der Lage sein, den Vertrag zu schlie\u00dfen oder auszuf\u00fchren. Dies kann sich auch auf sp\u00e4ter im Rahmen der Gesch\u00e4ftsbeziehung erforderliche Daten beziehen. Sofern wir dar\u00fcber hinaus Daten von Ihnen erbitten, werden Sie auf die Freiwilligkeit der Angaben gesondert hingewiesen.<\/p>\n\n\n\n<p><strong>9. Bestehen einer automatisierten Entscheidungsfindung im Einzelfall <\/strong><strong>\u2028<\/strong><strong>(einschlie\u00dflich Profiling)<\/strong><\/p>\n\n\n\n<p>Wir setzen keine rein automatisierten Entscheidungsverfahren gem\u00e4\u00df Artikel 22 DSGVO ein. Sofern wir ein solches Verfahren zuk\u00fcnftig in Einzelf\u00e4llen doch einsetzen sollten, werden wir Sie hier\u00fcber gesondert informieren, sofern dies gesetzlich vorgegeben ist.<\/p>\n\n\n\n<p>Unter Umst\u00e4nden verarbeiten wir Ihre Daten teilweise mit dem Ziel, bestimmte pers\u00f6nliche Aspekte zu bewerten (Profiling).<\/p>\n\n\n\n<p>Um Sie zielgerichtet \u00fcber Produkte informieren und beraten zu k\u00f6nnen, setzen wir ggf. Auswertungsinstrumente ein. Diese erm\u00f6glichen eine bedarfsgerechte Produktgestaltung, Kommunikation und Werbung einschlie\u00dflich Markt- und Meinungsforschung.<\/p>\n\n\n\n<p><strong>Information \u00fcber Ihr Widerspruchsrecht Art. 21 DSGVO<\/strong><\/p>\n\n\n\n<p>1. Sie haben das Recht, jederzeit gegen die Verarbeitung Ihrer Daten, die aufgrund von Art. 6 Abs. 1 f DSGVO (Datenverarbeitung auf der Grundlage einer Interessenabw\u00e4gung) oder Art. 6 Abs. 1 e DSGVO (Datenverarbeitung im \u00f6ffentlichen Interesse) erfolgt, Widerspruch einzulegen, wenn daf\u00fcr Gr\u00fcnde vorliegen, die sich aus Ihrer besonderen Situation ergeben. Dies gilt auch f\u00fcr ein auf diese Bestimmung gest\u00fctztes Profiling im Sinne von Art. 4 Nr. 4 DSGVO.<\/p>\n\n\n\n<p>Legen Sie Widerspruch ein, werden wir Ihre personenbezogenen Daten nicht mehr verarbeiten, es sei denn, wir k\u00f6nnen zwingende schutzw\u00fcrdige Gr\u00fcnde f\u00fcr die Verarbeitung nachweisen, die Ihre Interessen, Rechte und Freiheiten \u00fcberwiegen, oder die Verarbeitung dient der Geltendmachung, Aus\u00fcbung oder Verteidigung von Rechtsanspr\u00fcchen.<\/p>\n\n\n\n<p>2. Wir verarbeiten Ihre personenbezogenen Daten ggf. auch, um Direktwerbung zu betreiben. Sofern Sie keine Werbung erhalten m\u00f6chten, haben Sie jederzeit das Recht, Widerspruch dagegen einzulegen; dies gilt auch f\u00fcr das Profiling, soweit es mit solcher Direktwerbung in Verbindung steht. Diesen Widerspruch werden wir f\u00fcr die Zukunft beachten.<br><br><\/p>\n\n\n\n<p>Ihre Daten werden wir nicht mehr f\u00fcr Zwecke der Direktwerbung verarbeiten, wenn Sie der Verarbeitung f\u00fcr diese Zwecke widersprechen.<\/p>\n\n\n\n<p>Der Widerspruch kann formfrei erfolgen und sollte m\u00f6glichst gerichtet werden an<\/p>\n\n\n\n<p>TopBetreuung GmbH\u2028Berliner Allee 26\u202840212 D\u00fcsseldorf<\/p>\n\n\n\n<p>Unsere Datenschutzerkl\u00e4rung sowie die Information zum Datenschutz \u00fcber unsere Datenverarbeitung nach Artikel (Art.) 13, 14 und 21 DSGVO kann sich von Zeit zu Zeit \u00e4ndern. Alle \u00c4nderungen werden wir auf unserer Internetseite, <strong>ozbakim.de<\/strong>, ver\u00f6ffentlichen. \u00c4ltere Versionen stellen wir Ihnen dort zur Einsicht in einem Archiv bereit.<\/p>\n\n\n\n<p><strong>Stand Datenschutzinformation 15.09.2021<\/strong><\/p>\n\n\n\n<p><\/p>\n\n\n\n<p><\/p>\n\n\n\n<p><\/p>\n\n\n\n<p><\/p>\n","protected":false},"excerpt":{"rendered":"<p>f\u00fcr Kunden, Familienangeh\u00f6rige, Interessenten Information zum Datenschutz \u00fcber unsere Datenverarbeitung nach Artikel (Art.) 13, 14 und 21 der Datenschutz-Grundverordnung (DSGVO) Wir nehmen den Datenschutz ernst und informieren Sie hiermit, wie wir Ihre Daten verarbeiten und welche Anspr\u00fcche und Rechte Ihnen nach den datenschutzrechtlichen Regelungen zustehen. G\u00fcltig ab 15. September 2021. 1. F\u00fcr die Datenverarbeitung verantwortliche&#8230;<\/p>\n","protected":false},"author":1,"featured_media":0,"parent":0,"menu_order":0,"comment_status":"closed","ping_status":"closed","template":"","meta":{"_kad_post_transparent":"","_kad_post_title":"","_kad_post_layout":"","_kad_post_sidebar_id":"","_kad_post_content_style":"","_kad_post_vertical_padding":"","_kad_post_feature":"","_kad_post_feature_position":"","_kad_post_header":false,"_kad_post_footer":false},"_links":{"self":[{"href":"http:\/\/www.ozbakim.de\/german\/wp-json\/wp\/v2\/pages\/3"}],"collection":[{"href":"http:\/\/www.ozbakim.de\/german\/wp-json\/wp\/v2\/pages"}],"about":[{"href":"http:\/\/www.ozbakim.de\/german\/wp-json\/wp\/v2\/types\/page"}],"author":[{"embeddable":true,"href":"http:\/\/www.ozbakim.de\/german\/wp-json\/wp\/v2\/users\/1"}],"replies":[{"embeddable":true,"href":"http:\/\/www.ozbakim.de\/german\/wp-json\/wp\/v2\/comments?post=3"}],"version-history":[{"count":4,"href":"http:\/\/www.ozbakim.de\/german\/wp-json\/wp\/v2\/pages\/3\/revisions"}],"predecessor-version":[{"id":681,"href":"http:\/\/www.ozbakim.de\/german\/wp-json\/wp\/v2\/pages\/3\/revisions\/681"}],"wp:attachment":[{"href":"http:\/\/www.ozbakim.de\/german\/wp-json\/wp\/v2\/media?parent=3"}],"curies":[{"name":"wp","href":"https:\/\/api.w.org\/{rel}","templated":true}]}}