{"id":544,"date":"2020-08-25T22:57:52","date_gmt":"2020-08-25T22:57:52","guid":{"rendered":"https:\/\/demos.kadencewp.com\/course\/?page_id=8"},"modified":"2025-11-01T19:59:35","modified_gmt":"2025-11-01T19:59:35","slug":"impressum","status":"publish","type":"page","link":"http:\/\/www.ozbakim.de\/german\/impressum\/","title":{"rendered":"Impressum"},"content":{"rendered":"<style id=\"kb-rowlayout_12d2c6-ba\">#kt-layout-id_12d2c6-ba{margin-top:0px;margin-bottom:0px;}#kt-layout-id_12d2c6-ba > .kt-row-column-wrap{padding-top:0px;padding-bottom:0px;padding-left:0px;padding-right:0px;}<\/style>\n<div class=\"wp-block-kadence-rowlayout alignnone\"><div id=\"kt-layout-id_12d2c6-ba\" class=\"kt-row-layout-inner kt-layout-id_12d2c6-ba\"><div class=\"kt-row-column-wrap kt-has-1-columns kt-gutter-default kt-v-gutter-default kt-row-valign-top kt-row-layout-equal kt-tab-layout-inherit kt-m-colapse-left-to-right kt-mobile-layout-row\">\n<div class=\"wp-block-kadence-column inner-column-1 kadence-column_eea3b1-fe\"><div class=\"kt-inside-inner-col\"><style id=\"kb-infobox_9b3080-86\">#kt-info-box_9b3080-86 .kt-blocks-info-box-link-wrap{border-color:var(--global-palette8, #F7FAFC);border-radius:60px;background:var(--global-palette8, #F7FAFC);padding-top:20px;padding-right:20px;padding-bottom:20px;padding-left:20px;border-top-width:0px;border-right-width:0px;border-bottom-width:0px;border-left-width:0px;max-width:600px;}#kt-info-box_9b3080-86 .kt-blocks-info-box-link-wrap:hover{border-color:var(--global-palette8, #F7FAFC);background:var(--global-palette8, #F7FAFC);}#kt-info-box_9b3080-86 .kadence-info-box-image-inner-intrisic-container{max-width:627px;}#kt-info-box_9b3080-86 .kadence-info-box-image-inner-intrisic-container .kadence-info-box-image-intrisic{padding-bottom:66.6016%;width:1024px;height:0px;max-width:100%;}#kt-info-box_9b3080-86 .kt-info-svg-icon, #kt-info-box_9b3080-86 .kt-info-svg-icon-flip, #kt-info-box_9b3080-86 .kt-blocks-info-box-number{font-size:50px;}#kt-info-box_9b3080-86 .kt-blocks-info-box-media{color:#444444;border-radius:200px;border-top-width:0px;border-right-width:0px;border-bottom-width:0px;border-left-width:0px;padding-top:10px;padding-right:10px;padding-bottom:10px;padding-left:10px;}#kt-info-box_9b3080-86 .kt-blocks-info-box-media-container{margin-top:0px;margin-right:15px;margin-bottom:0px;margin-left:15px;}#kt-info-box_9b3080-86 .kt-blocks-info-box-media .kadence-info-box-image-intrisic:not(.kb-info-box-image-ratio) img{border-radius:200px;}#kt-info-box_9b3080-86 .kt-blocks-info-box-link-wrap:hover .kt-blocks-info-box-media{color:#444444;}#kt-info-box_9b3080-86 .kt-blocks-info-box-title{color:var(--global-palette3, #1A202C);font-size:2em;text-transform:none;padding-top:0px;padding-right:0px;padding-bottom:0px;padding-left:0px;margin-top:5px;margin-right:0px;margin-bottom:10px;margin-left:0px;}#kt-info-box_9b3080-86 .kt-blocks-info-box-text{color:var(--global-palette4, #2D3748);font-size:1.1em;line-height:1.6em;text-transform:none;}<\/style>\n<div id=\"kt-info-box_9b3080-86\" class=\"wp-block-kadence-infobox\"><a class=\"kt-blocks-info-box-link-wrap info-box-link kt-blocks-info-box-media-align-top kt-info-halign-center\"><div class=\"kt-blocks-info-box-media-container\"><div class=\"kt-blocks-info-box-media kt-info-media-animate-none\"><div class=\"kadence-info-box-image-inner-intrisic-container\"><div class=\"kadence-info-box-image-intrisic kt-info-animate-none\"><div class=\"kadence-info-box-image-inner-intrisic\"><img decoding=\"async\" loading=\"lazy\" src=\"http:\/\/www.ozbakim.de\/german\/wp-content\/uploads\/2022\/11\/581f10c7-9be0-46d9-9ec1-7d47c2ff27ee-1-1024x682.png\" alt=\"\" width=\"1024\" height=\"682\" class=\"kt-info-box-image wp-image-764\" srcset=\"http:\/\/www.ozbakim.de\/german\/wp-content\/uploads\/2022\/11\/581f10c7-9be0-46d9-9ec1-7d47c2ff27ee-1-1024x682.png 1024w, http:\/\/www.ozbakim.de\/german\/wp-content\/uploads\/2022\/11\/581f10c7-9be0-46d9-9ec1-7d47c2ff27ee-1-300x200.png 300w, http:\/\/www.ozbakim.de\/german\/wp-content\/uploads\/2022\/11\/581f10c7-9be0-46d9-9ec1-7d47c2ff27ee-1-768x512.png 768w, http:\/\/www.ozbakim.de\/german\/wp-content\/uploads\/2022\/11\/581f10c7-9be0-46d9-9ec1-7d47c2ff27ee-1-1536x1023.png 1536w, http:\/\/www.ozbakim.de\/german\/wp-content\/uploads\/2022\/11\/581f10c7-9be0-46d9-9ec1-7d47c2ff27ee-1.png 1600w\" sizes=\"(max-width: 1024px) 100vw, 1024px\" \/><\/div><\/div><\/div><\/div><\/div><div class=\"kt-infobox-textcontent\"><h2 class=\"kt-blocks-info-box-title\"><\/h2><p class=\"kt-blocks-info-box-text\"><strong>\u00d6zbakim Pflegeberatung GmbH<br\/>Markgrafenstr. 1b<br\/>51063 K\u00f6ln<\/strong><br\/>Tel.: 0221\/29101888<br\/>          0221\/291\/01689<br\/>Mobil +49(0)17684158229<br\/>           +49(0)17684158228<br\/><br\/>Web.: www.ozbakim.de<br\/>E-Mail.: info@ozbakim.de<br\/><br\/>Umsatzsteuer- Identifikationsnummer<br\/>gem\u00e4\u00df \u00a7 27a <br\/>UStD-Nr:DE363896473<br\/><br\/>HRB Nr.: 112293 Amtsgericht K\u00f6ln<br\/>St.<br\/>Inhaber und Prokurist Semra \u00d6zdemir<br\/>Gesch\u00e4ftsf\u00fchrung Elanur Suya \u00d6zdemir<br\/><br\/><strong>Bankverbindung<\/strong><br\/><strong>Bankinstitut<\/strong>: Sparkasse K\u00f6ln\/Bonn <br\/><strong>IBAN<\/strong>: DE75 370501 981936 594850<br\/>BIC: COLSDE 33XXX<br\/><br\/><br\/><br\/><br\/><\/p><\/div><\/a><\/div>\n<\/div><\/div>\n<\/div><\/div><\/div>\n\n\n<style id=\"kb-advancedheading_bd4e6c-ff\">#kt-adv-heading_bd4e6c-ff, #kt-adv-heading_bd4e6c-ff .wp-block-kadence-advancedheading, .wp-block-kadence-advancedheading.kt-adv-heading_bd4e6c-ff[data-kb-block=\"kb-adv-heading_bd4e6c-ff\"], .kadence-advanced-heading-wrapper .kt-adv-heading_bd4e6c-ff[data-kb-block=\"kb-adv-heading_bd4e6c-ff\"]{text-align:center;font-size:2.5em;font-weight:normal;}#kt-adv-heading_bd4e6c-ff mark, #kt-adv-heading_bd4e6c-ff .wp-block-kadence-advancedheading mark, .kt-adv-heading_bd4e6c-ff[data-kb-block=\"kb-adv-heading_bd4e6c-ff\"] mark{font-weight:normal;padding:0px 0px 0px 0px;}<\/style>\n<h2 class=\"kt-adv-heading_bd4e6c-ff wp-block-kadence-advancedheading\" data-kb-block=\"kb-adv-heading_bd4e6c-ff\"><\/h2>\n\n\n<style id=\"kb-spacer_51678f-67\">.wp-block-kadence-spacer.kt-block-spacer-_51678f-67 .kt-block-spacer{height:90px;}.wp-block-kadence-spacer.kt-block-spacer-_51678f-67 .kt-divider{border-top-color:var(--global-palette8, #F7FAFC);width:50%;}<\/style>\n<div class=\"wp-block-kadence-spacer aligncenter kt-block-spacer-_51678f-67\"><div class=\"kt-block-spacer kt-block-spacer-halign-center\"><hr class=\"kt-divider\"\/><\/div><\/div>\n\n\n\n<div class=\"wp-block-kadence-icon kt-svg-icons kt-svg-icons_e83089-57 aligncenter\" style=\"text-align:center\"><div class=\"kt-svg-style-default kt-svg-icon-wrap kt-svg-item-0\"><a href=\"https:\/\/www.instagram.com\/ozbakim_pflegeberatung\/\" class=\"kt-svg-icon-link\" style=\"margin-right:20px\"><div style=\"display:inline-flex;justify-content:center;align-items:center;color:var(--global-palette6)\" class=\"kt-svg-icon kt-svg-icon-fe_instagram\"><svg style=\"display:inline-block;vertical-align:middle\" viewBox=\"0 0 24 24\" height=\"35\" width=\"35\" fill=\"none\" stroke=\"currentColor\" xmlns=\"http:\/\/www.w3.org\/2000\/svg\" stroke-width=\"1.5\" stroke-linecap=\"round\" stroke-linejoin=\"round\" aria-hidden=\"true\"><rect x=\"2\" y=\"2\" width=\"20\" height=\"20\" rx=\"5\" ry=\"5\"><\/rect><path d=\"M16 11.37A4 4 0 1 1 12.63 8 4 4 0 0 1 16 11.37z\"><\/path><line x1=\"17.5\" y1=\"6.5\" x2=\"17.5\" y2=\"6.5\"><\/line><\/svg><\/div><\/a><\/div><div class=\"kt-svg-style-default kt-svg-icon-wrap kt-svg-item-1\"><a href=\"https:\/\/www.facebook.com\/ozbakim\/\" class=\"kt-svg-icon-link\" style=\"margin-top:20px;margin-right:20px;margin-bottom:20px;margin-left:20px\"><div style=\"display:inline-flex;justify-content:center;align-items:center;color:var(--global-palette6)\" class=\"kt-svg-icon kt-svg-icon-fa_facebook-f\"><svg style=\"display:inline-block;vertical-align:middle\" viewBox=\"0 0 264 512\" height=\"35\" width=\"35\" fill=\"currentColor\" xmlns=\"http:\/\/www.w3.org\/2000\/svg\" preserveAspectRatio=\"xMinYMin meet\" aria-hidden=\"true\"><path d=\"M76.7 512V283H0v-91h76.7v-71.7C76.7 42.4 124.3 0 193.8 0c33.3 0 61.9 2.5 70.2 3.6V85h-48.2c-37.8 0-45.1 18-45.1 44.3V192H256l-11.7 91h-73.6v229\"><\/path><\/svg><\/div><\/a><\/div><div class=\"kt-svg-style-default kt-svg-icon-wrap kt-svg-item-2\"><a href=\"https:\/\/www.youtube.com\/channel\/UC7Qy9fbgu4GaHTjFqQ9n_Iw\" class=\"kt-svg-icon-link\"><div style=\"display:inline-flex;justify-content:center;align-items:center;color:var(--global-palette6)\" class=\"kt-svg-icon kt-svg-icon-fa_youtube\"><svg style=\"display:inline-block;vertical-align:middle\" viewBox=\"0 0 576 512\" height=\"35\" width=\"35\" fill=\"currentColor\" xmlns=\"http:\/\/www.w3.org\/2000\/svg\" preserveAspectRatio=\"xMinYMin meet\" aria-hidden=\"true\"><path d=\"M549.655 124.083c-6.281-23.65-24.787-42.276-48.284-48.597C458.781 64 288 64 288 64S117.22 64 74.629 75.486c-23.497 6.322-42.003 24.947-48.284 48.597-11.412 42.867-11.412 132.305-11.412 132.305s0 89.438 11.412 132.305c6.281 23.65 24.787 41.5 48.284 47.821C117.22 448 288 448 288 448s170.78 0 213.371-11.486c23.497-6.321 42.003-24.171 48.284-47.821 11.412-42.867 11.412-132.305 11.412-132.305s0-89.438-11.412-132.305zm-317.51 213.508V175.185l142.739 81.205-142.739 81.201z\"><\/path><\/svg><\/div><\/a><\/div><\/div>\n","protected":false},"excerpt":{"rendered":"","protected":false},"author":1,"featured_media":0,"parent":0,"menu_order":0,"comment_status":"closed","ping_status":"closed","template":"","meta":{"_kad_post_transparent":"","_kad_post_title":"hide","_kad_post_layout":"","_kad_post_sidebar_id":"","_kad_post_content_style":"","_kad_post_vertical_padding":"","_kad_post_feature":"","_kad_post_feature_position":"","_kad_post_header":false,"_kad_post_footer":false},"_links":{"self":[{"href":"http:\/\/www.ozbakim.de\/german\/wp-json\/wp\/v2\/pages\/544"}],"collection":[{"href":"http:\/\/www.ozbakim.de\/german\/wp-json\/wp\/v2\/pages"}],"about":[{"href":"http:\/\/www.ozbakim.de\/german\/wp-json\/wp\/v2\/types\/page"}],"author":[{"embeddable":true,"href":"http:\/\/www.ozbakim.de\/german\/wp-json\/wp\/v2\/users\/1"}],"replies":[{"embeddable":true,"href":"http:\/\/www.ozbakim.de\/german\/wp-json\/wp\/v2\/comments?post=544"}],"version-history":[{"count":19,"href":"http:\/\/www.ozbakim.de\/german\/wp-json\/wp\/v2\/pages\/544\/revisions"}],"predecessor-version":[{"id":798,"href":"http:\/\/www.ozbakim.de\/german\/wp-json\/wp\/v2\/pages\/544\/revisions\/798"}],"wp:attachment":[{"href":"http:\/\/www.ozbakim.de\/german\/wp-json\/wp\/v2\/media?parent=544"}],"curies":[{"name":"wp","href":"https:\/\/api.w.org\/{rel}","templated":true}]}}